[INFO] fetching crate investments 2.15.0...
[INFO] building investments-2.15.0 against master#ff34b919075f35a1787659e9c448a34b06bab8de for issue-85264
[INFO] extracting crate investments 2.15.0 into /workspace/builds/worker-11/source
[INFO] validating manifest of crates.io crate investments 2.15.0 on toolchain ff34b919075f35a1787659e9c448a34b06bab8de
[INFO] running `Command { std: "/workspace/cargo-home/bin/cargo" "+ff34b919075f35a1787659e9c448a34b06bab8de" "metadata" "--manifest-path" "Cargo.toml" "--no-deps", kill_on_drop: false }`
[INFO] started tweaking crates.io crate investments 2.15.0
[INFO] removed 0 missing examples
[INFO] finished tweaking crates.io crate investments 2.15.0
[INFO] tweaked toml for crates.io crate investments 2.15.0 written to /workspace/builds/worker-11/source/Cargo.toml
[INFO] crate crates.io crate investments 2.15.0 already has a lockfile, it will not be regenerated
[INFO] running `Command { std: "/workspace/cargo-home/bin/cargo" "+ff34b919075f35a1787659e9c448a34b06bab8de" "fetch" "--manifest-path" "Cargo.toml", kill_on_drop: false }`
[INFO] [stderr]     Blocking waiting for file lock on package cache
[INFO] [stderr]     Blocking waiting for file lock on package cache
[INFO] running `Command { std: "docker" "create" "-v" "/var/lib/crater-agent-workspace/builds/worker-11/target:/opt/rustwide/target:rw,Z" "-v" "/var/lib/crater-agent-workspace/builds/worker-11/source:/opt/rustwide/workdir:ro,Z" "-v" "/var/lib/crater-agent-workspace/cargo-home:/opt/rustwide/cargo-home:ro,Z" "-v" "/var/lib/crater-agent-workspace/rustup-home:/opt/rustwide/rustup-home:ro,Z" "-e" "SOURCE_DIR=/opt/rustwide/workdir" "-e" "CARGO_TARGET_DIR=/opt/rustwide/target" "-e" "CARGO_HOME=/opt/rustwide/cargo-home" "-e" "RUSTUP_HOME=/opt/rustwide/rustup-home" "-w" "/opt/rustwide/workdir" "-m" "1610612736" "--user" "0:0" "--network" "none" "ghcr.io/rust-lang/crates-build-env/linux@sha256:20528e8c29e4536546f0102ce88568b16ea7538393a33fcca951030f7af10457" "/opt/rustwide/cargo-home/bin/cargo" "+ff34b919075f35a1787659e9c448a34b06bab8de" "metadata" "--no-deps" "--format-version=1", kill_on_drop: false }`
[INFO] [stdout] 1d2c040532deeb6172d0d59130787298b2264715208776f6b2861fef45030a5b
[INFO] [stderr] WARNING: Your kernel does not support swap limit capabilities or the cgroup is not mounted. Memory limited without swap.
[INFO] running `Command { std: "docker" "start" "-a" "1d2c040532deeb6172d0d59130787298b2264715208776f6b2861fef45030a5b", kill_on_drop: false }`
[INFO] running `Command { std: "docker" "inspect" "1d2c040532deeb6172d0d59130787298b2264715208776f6b2861fef45030a5b", kill_on_drop: false }`
[INFO] running `Command { std: "docker" "rm" "-f" "1d2c040532deeb6172d0d59130787298b2264715208776f6b2861fef45030a5b", kill_on_drop: false }`
[INFO] [stdout] 1d2c040532deeb6172d0d59130787298b2264715208776f6b2861fef45030a5b
[INFO] running `Command { std: "docker" "create" "-v" "/var/lib/crater-agent-workspace/builds/worker-11/target:/opt/rustwide/target:rw,Z" "-v" "/var/lib/crater-agent-workspace/builds/worker-11/source:/opt/rustwide/workdir:ro,Z" "-v" "/var/lib/crater-agent-workspace/cargo-home:/opt/rustwide/cargo-home:ro,Z" "-v" "/var/lib/crater-agent-workspace/rustup-home:/opt/rustwide/rustup-home:ro,Z" "-e" "SOURCE_DIR=/opt/rustwide/workdir" "-e" "CARGO_TARGET_DIR=/opt/rustwide/target" "-e" "CARGO_INCREMENTAL=0" "-e" "RUST_BACKTRACE=full" "-e" "RUSTFLAGS=--cap-lints=forbid" "-e" "CARGO_HOME=/opt/rustwide/cargo-home" "-e" "RUSTUP_HOME=/opt/rustwide/rustup-home" "-w" "/opt/rustwide/workdir" "-m" "1610612736" "--user" "0:0" "--network" "none" "ghcr.io/rust-lang/crates-build-env/linux@sha256:20528e8c29e4536546f0102ce88568b16ea7538393a33fcca951030f7af10457" "/opt/rustwide/cargo-home/bin/cargo" "+ff34b919075f35a1787659e9c448a34b06bab8de" "build" "--frozen" "--message-format=json", kill_on_drop: false }`
[INFO] [stdout] 1b36ac29cc6207b6b8973c519a699aa6ab8a593ae31fc87b0e4f8ae7d230045c
[INFO] [stderr] WARNING: Your kernel does not support swap limit capabilities or the cgroup is not mounted. Memory limited without swap.
[INFO] running `Command { std: "docker" "start" "-a" "1b36ac29cc6207b6b8973c519a699aa6ab8a593ae31fc87b0e4f8ae7d230045c", kill_on_drop: false }`
[INFO] [stderr]    Compiling syn v1.0.71
[INFO] [stderr]    Compiling pkg-config v0.3.19
[INFO] [stderr]    Compiling cc v1.0.67
[INFO] [stderr]    Compiling log v0.4.14
[INFO] [stderr]    Compiling serde_derive v1.0.125
[INFO] [stderr]    Compiling serde v1.0.125
[INFO] [stderr]    Compiling fnv v1.0.7
[INFO] [stderr]    Compiling byteorder v1.4.3
[INFO] [stderr]    Compiling foreign-types-shared v0.1.1
[INFO] [stderr]    Compiling crc32fast v1.2.1
[INFO] [stderr]    Compiling regex-syntax v0.6.25
[INFO] [stderr]    Compiling adler v1.0.2
[INFO] [stderr]    Compiling openssl-probe v0.1.2
[INFO] [stderr]    Compiling rayon-core v1.9.0
[INFO] [stderr]    Compiling platforms v1.1.0
[INFO] [stderr]    Compiling arrayvec v0.5.2
[INFO] [stderr]    Compiling linked-hash-map v0.5.4
[INFO] [stderr]    Compiling dtoa v0.4.8
[INFO] [stderr]    Compiling strsim v0.8.0
[INFO] [stderr]    Compiling xml-rs v0.8.3
[INFO] [stderr]    Compiling nonzero_ext v0.2.0
[INFO] [stderr]    Compiling unindent v0.1.7
[INFO] [stderr]    Compiling ansi_term v0.11.0
[INFO] [stderr]    Compiling separator v0.4.1
[INFO] [stderr]    Compiling maplit v1.0.2
[INFO] [stderr]    Compiling num-integer v0.1.44
[INFO] [stderr]    Compiling tokio v1.5.0
[INFO] [stderr]    Compiling crossbeam-utils v0.8.4
[INFO] [stderr]    Compiling memoffset v0.6.3
[INFO] [stderr]    Compiling indexmap v1.6.2
[INFO] [stderr]    Compiling miniz_oxide v0.4.4
[INFO] [stderr]    Compiling hashbrown v0.8.2
[INFO] [stderr]    Compiling rayon v1.5.0
[INFO] [stderr]    Compiling tracing-core v0.1.18
[INFO] [stderr]    Compiling textwrap v0.11.0
[INFO] [stderr]    Compiling foreign-types v0.3.2
[INFO] [stderr]    Compiling http v0.2.4
[INFO] [stderr]    Compiling itertools v0.10.0
[INFO] [stderr]    Compiling yaml-rust v0.4.5
[INFO] [stderr]    Compiling regex-automata v0.1.9
[INFO] [stderr]    Compiling indoc v1.0.3
[INFO] [stderr]    Compiling proc-macro2 v1.0.26
[INFO] [stderr]    Compiling encoding_rs v0.8.28
[INFO] [stderr]    Compiling unicode-normalization v0.1.17
[INFO] [stderr]    Compiling getrandom v0.2.2
[INFO] [stderr]    Compiling parking_lot_core v0.8.3
[INFO] [stderr]    Compiling quanta v0.4.1
[INFO] [stderr]    Compiling aho-corasick v0.7.18
[INFO] [stderr]    Compiling csv-core v0.1.10
[INFO] [stderr]    Compiling cast v0.2.5
[INFO] [stderr]    Compiling tracing v0.1.26
[INFO] [stderr]    Compiling dashmap v4.0.2
[INFO] [stderr]    Compiling clap v2.33.3
[INFO] [stderr]    Compiling mio v0.7.11
[INFO] [stderr]    Compiling want v0.3.0
[INFO] [stderr]    Compiling term v0.5.2
[INFO] [stderr]    Compiling dirs-next v2.0.0
[INFO] [stderr]    Compiling rand_core v0.6.2
[INFO] [stderr]    Compiling uuid v0.8.2
[INFO] [stderr]    Compiling quote v1.0.9
[INFO] [stderr]    Compiling parking_lot v0.11.1
[INFO] [stderr]    Compiling idna v0.2.3
[INFO] [stderr]    Compiling chrono v0.4.19
[INFO] [stderr]    Compiling openssl-sys v0.9.62
[INFO] [stderr]    Compiling libsqlite3-sys v0.20.1
[INFO] [stderr]    Compiling shellexpand v2.1.0
[INFO] [stderr]    Compiling crossbeam-epoch v0.9.4
[INFO] [stderr]    Compiling crossbeam-channel v0.5.1
[INFO] [stderr]    Compiling rand_chacha v0.3.0
[INFO] [stderr]    Compiling quick-xml v0.19.0
[INFO] [stderr]    Compiling codepage v0.1.1
[INFO] [stderr]    Compiling regex v1.5.3
[INFO] [stderr]    Compiling no-std-compat v0.4.1
[INFO] [stderr]    Compiling crossbeam-deque v0.8.0
[INFO] [stderr]    Compiling flate2 v1.0.20
[INFO] [stderr]    Compiling http-body v0.4.1
[INFO] [stderr]    Compiling rand v0.8.3
[INFO] [stderr]    Compiling url v2.2.1
[INFO] [stderr]    Compiling fern v0.5.9
[INFO] [stderr]    Compiling openssl v0.10.34
[INFO] [stderr]    Compiling native-tls v0.2.7
[INFO] [stderr]    Compiling easy-logging v0.1.1
[INFO] [stderr]    Compiling parse-zoneinfo v0.3.0
[INFO] [stderr]    Compiling chrono-tz v0.5.3
[INFO] [stderr]    Compiling tokio-util v0.6.6
[INFO] [stderr]    Compiling tokio-native-tls v0.3.0
[INFO] [stderr]    Compiling darling_core v0.12.4
[INFO] [stderr]    Compiling futures-macro v0.3.14
[INFO] [stderr]    Compiling thiserror-impl v1.0.24
[INFO] [stderr]    Compiling pin-project-internal v1.0.7
[INFO] [stderr]    Compiling diesel_derives v1.4.1
[INFO] [stderr]    Compiling darling_macro v0.12.4
[INFO] [stderr]    Compiling diesel-derive-enum v1.1.1
[INFO] [stderr]    Compiling darling v0.12.4
[INFO] [stderr]    Compiling static_table_derive v0.1.26
[INFO] [stderr]    Compiling xls_table_derive v0.4.5
[INFO] [stderr]    Compiling futures-util v0.3.14
[INFO] [stderr]    Compiling pin-project v1.0.7
[INFO] [stderr]    Compiling thiserror v1.0.24
[INFO] [stderr]    Compiling zip v0.5.12
[INFO] [stderr]    Compiling prometheus v0.12.0
[INFO] [stderr]    Compiling diesel v1.4.6
[INFO] [stderr]    Compiling h2 v0.3.3
[INFO] [stderr]    Compiling futures-executor v0.3.14
[INFO] [stderr]    Compiling futures v0.3.14
[INFO] [stderr]    Compiling governor v0.3.2
[INFO] [stderr]    Compiling hyper v0.14.7
[INFO] [stderr]    Compiling bstr v0.2.16
[INFO] [stderr]    Compiling serde_urlencoded v0.7.0
[INFO] [stderr]    Compiling serde_json v1.0.64
[INFO] [stderr]    Compiling rust_decimal v1.12.4
[INFO] [stderr]    Compiling calamine v0.18.0
[INFO] [stderr]    Compiling quick-xml v0.22.0
[INFO] [stderr]    Compiling serde_yaml v0.8.17
[INFO] [stderr]    Compiling serde-xml-rs v0.4.1
[INFO] [stderr]    Compiling rust_decimal_macros v1.12.4
[INFO] [stderr]    Compiling csv v1.1.6
[INFO] [stderr]    Compiling prettytable-rs v0.8.0
[INFO] [stderr]    Compiling migrations_internals v1.4.1
[INFO] [stderr]    Compiling migrations_macros v1.4.2
[INFO] [stderr]    Compiling hyper-tls v0.5.0
[INFO] [stderr]    Compiling reqwest v0.11.3
[INFO] [stderr]    Compiling diesel_migrations v1.4.0
[INFO] [stderr]    Compiling investments v2.15.0 (/opt/rustwide/workdir)
[INFO] [stderr]     Finished dev [unoptimized + debuginfo] target(s) in 4m 09s
[INFO] running `Command { std: "docker" "inspect" "1b36ac29cc6207b6b8973c519a699aa6ab8a593ae31fc87b0e4f8ae7d230045c", kill_on_drop: false }`
[INFO] running `Command { std: "docker" "rm" "-f" "1b36ac29cc6207b6b8973c519a699aa6ab8a593ae31fc87b0e4f8ae7d230045c", kill_on_drop: false }`
[INFO] [stdout] 1b36ac29cc6207b6b8973c519a699aa6ab8a593ae31fc87b0e4f8ae7d230045c
[INFO] running `Command { std: "docker" "create" "-v" "/var/lib/crater-agent-workspace/builds/worker-11/target:/opt/rustwide/target:rw,Z" "-v" "/var/lib/crater-agent-workspace/builds/worker-11/source:/opt/rustwide/workdir:ro,Z" "-v" "/var/lib/crater-agent-workspace/cargo-home:/opt/rustwide/cargo-home:ro,Z" "-v" "/var/lib/crater-agent-workspace/rustup-home:/opt/rustwide/rustup-home:ro,Z" "-e" "SOURCE_DIR=/opt/rustwide/workdir" "-e" "CARGO_TARGET_DIR=/opt/rustwide/target" "-e" "CARGO_INCREMENTAL=0" "-e" "RUST_BACKTRACE=full" "-e" "RUSTFLAGS=--cap-lints=forbid" "-e" "CARGO_HOME=/opt/rustwide/cargo-home" "-e" "RUSTUP_HOME=/opt/rustwide/rustup-home" "-w" "/opt/rustwide/workdir" "-m" "1610612736" "--user" "0:0" "--network" "none" "ghcr.io/rust-lang/crates-build-env/linux@sha256:20528e8c29e4536546f0102ce88568b16ea7538393a33fcca951030f7af10457" "/opt/rustwide/cargo-home/bin/cargo" "+ff34b919075f35a1787659e9c448a34b06bab8de" "test" "--frozen" "--no-run" "--message-format=json", kill_on_drop: false }`
[INFO] [stderr] WARNING: Your kernel does not support swap limit capabilities or the cgroup is not mounted. Memory limited without swap.
[INFO] [stdout] 9e8fbe2b435f62809313511edfeb8bf30c1ee31381ae42331d217eb85d3ba969
[INFO] running `Command { std: "docker" "start" "-a" "9e8fbe2b435f62809313511edfeb8bf30c1ee31381ae42331d217eb85d3ba969", kill_on_drop: false }`
[INFO] [stderr]    Compiling proc-macro2 v0.4.30
[INFO] [stderr]    Compiling unicode-xid v0.1.0
[INFO] [stderr]    Compiling syn v0.15.44
[INFO] [stderr]    Compiling json v0.11.15
[INFO] [stderr]    Compiling num-bigint v0.2.6
[INFO] [stderr]    Compiling num-iter v0.1.42
[INFO] [stderr]    Compiling num-rational v0.2.4
[INFO] [stderr]    Compiling num-complex v0.2.4
[INFO] [stderr]    Compiling deflate v0.7.20
[INFO] [stderr]    Compiling gif v0.10.3
[INFO] [stderr]    Compiling which v4.1.0
[INFO] [stderr]    Compiling nix v0.20.0
[INFO] [stderr]    Compiling approx v0.3.2
[INFO] [stderr]    Compiling colored v2.0.0
[INFO] [stderr]    Compiling rstest v0.9.0
[INFO] [stderr]    Compiling tempfile v3.2.0
[INFO] [stderr]    Compiling assert-json-diff v2.0.1
[INFO] [stderr]    Compiling jpeg-decoder v0.1.22
[INFO] [stderr]    Compiling open v1.7.0
[INFO] [stderr]    Compiling mockito v0.30.0
[INFO] [stderr]    Compiling png v0.14.1
[INFO] [stderr]    Compiling quote v0.6.13
[INFO] [stderr]    Compiling num v0.2.1
[INFO] [stderr]    Compiling num-derive v0.2.5
[INFO] [stderr]    Compiling ctrlc v3.1.9
[INFO] [stderr]    Compiling tiff v0.2.2
[INFO] [stderr]    Compiling image v0.21.3
[INFO] [stderr]    Compiling qtrac-retest v4.0.6
[INFO] [stderr]    Compiling investments v2.15.0 (/opt/rustwide/workdir)
[INFO] [stdout] error[E0659]: `assert_matches` is ambiguous (glob import vs any other name from outer scope during import/macro resolution)
[INFO] [stdout]    --> src/currency/rate_cache.rs:235:9
[INFO] [stdout]     |
[INFO] [stdout] 235 |         assert_matches!(
[INFO] [stdout]     |         ^^^^^^^^^^^^^^ ambiguous name
[INFO] [stdout]     |
[INFO] [stdout]     = note: `assert_matches` could refer to a macro from prelude
[INFO] [stdout] note: `assert_matches` could also refer to the macro imported here
[INFO] [stdout]    --> src/currency/rate_cache.rs:210:9
[INFO] [stdout]     |
[INFO] [stdout] 210 |     use super::*;
[INFO] [stdout]     |         ^^^^^^^^
[INFO] [stdout]     = help: consider adding an explicit import of `assert_matches` to disambiguate
[INFO] [stdout]     = help: or use `self::assert_matches` to refer to this macro unambiguously
[INFO] [stdout] 
[INFO] [stdout] 
[INFO] [stdout] error[E0659]: `assert_matches` is ambiguous (glob import vs any other name from outer scope during import/macro resolution)
[INFO] [stdout]    --> src/currency/rate_cache.rs:240:9
[INFO] [stdout]     |
[INFO] [stdout] 240 |         assert_matches!(
[INFO] [stdout]     |         ^^^^^^^^^^^^^^ ambiguous name
[INFO] [stdout]     |
[INFO] [stdout]     = note: `assert_matches` could refer to a macro from prelude
[INFO] [stdout] note: `assert_matches` could also refer to the macro imported here
[INFO] [stdout]    --> src/currency/rate_cache.rs:210:9
[INFO] [stdout]     |
[INFO] [stdout] 210 |     use super::*;
[INFO] [stdout]     |         ^^^^^^^^
[INFO] [stdout]     = help: consider adding an explicit import of `assert_matches` to disambiguate
[INFO] [stdout]     = help: or use `self::assert_matches` to refer to this macro unambiguously
[INFO] [stdout] 
[INFO] [stdout] 
[INFO] [stdout] error[E0659]: `assert_matches` is ambiguous (glob import vs any other name from outer scope during import/macro resolution)
[INFO] [stdout]    --> src/currency/rate_cache.rs:252:13
[INFO] [stdout]     |
[INFO] [stdout] 252 |             assert_matches!(
[INFO] [stdout]     |             ^^^^^^^^^^^^^^ ambiguous name
[INFO] [stdout]     |
[INFO] [stdout]     = note: `assert_matches` could refer to a macro from prelude
[INFO] [stdout] note: `assert_matches` could also refer to the macro imported here
[INFO] [stdout]    --> src/currency/rate_cache.rs:210:9
[INFO] [stdout]     |
[INFO] [stdout] 210 |     use super::*;
[INFO] [stdout]     |         ^^^^^^^^
[INFO] [stdout]     = help: consider adding an explicit import of `assert_matches` to disambiguate
[INFO] [stdout]     = help: or use `self::assert_matches` to refer to this macro unambiguously
[INFO] [stdout] 
[INFO] [stdout] 
[INFO] [stdout] error[E0659]: `assert_matches` is ambiguous (glob import vs any other name from outer scope during import/macro resolution)
[INFO] [stdout]    --> src/currency/rate_cache.rs:266:25
[INFO] [stdout]     |
[INFO] [stdout] 266 |                         assert_matches!(
[INFO] [stdout]     |                         ^^^^^^^^^^^^^^ ambiguous name
[INFO] [stdout]     |
[INFO] [stdout]     = note: `assert_matches` could refer to a macro from prelude
[INFO] [stdout] note: `assert_matches` could also refer to the macro imported here
[INFO] [stdout]    --> src/currency/rate_cache.rs:210:9
[INFO] [stdout]     |
[INFO] [stdout] 210 |     use super::*;
[INFO] [stdout]     |         ^^^^^^^^
[INFO] [stdout]     = help: consider adding an explicit import of `assert_matches` to disambiguate
[INFO] [stdout]     = help: or use `self::assert_matches` to refer to this macro unambiguously
[INFO] [stdout] 
[INFO] [stdout] 
[INFO] [stdout] error[E0659]: `assert_matches` is ambiguous (glob import vs any other name from outer scope during import/macro resolution)
[INFO] [stdout]    --> src/currency/rate_cache.rs:277:21
[INFO] [stdout]     |
[INFO] [stdout] 277 |                     assert_matches!(result, CurrencyRateCacheResult::Missing(from, to)
[INFO] [stdout]     |                     ^^^^^^^^^^^^^^ ambiguous name
[INFO] [stdout]     |
[INFO] [stdout]     = note: `assert_matches` could refer to a macro from prelude
[INFO] [stdout] note: `assert_matches` could also refer to the macro imported here
[INFO] [stdout]    --> src/currency/rate_cache.rs:210:9
[INFO] [stdout]     |
[INFO] [stdout] 210 |     use super::*;
[INFO] [stdout]     |         ^^^^^^^^
[INFO] [stdout]     = help: consider adding an explicit import of `assert_matches` to disambiguate
[INFO] [stdout]     = help: or use `self::assert_matches` to refer to this macro unambiguously
[INFO] [stdout] 
[INFO] [stdout] 
[INFO] [stdout] error[E0659]: `assert_matches` is ambiguous (glob import vs any other name from outer scope during import/macro resolution)
[INFO] [stdout]    --> src/currency/rate_cache.rs:280:21
[INFO] [stdout]     |
[INFO] [stdout] 280 |                     assert_matches!(result, CurrencyRateCacheResult::Exists(None));
[INFO] [stdout]     |                     ^^^^^^^^^^^^^^ ambiguous name
[INFO] [stdout]     |
[INFO] [stdout]     = note: `assert_matches` could refer to a macro from prelude
[INFO] [stdout] note: `assert_matches` could also refer to the macro imported here
[INFO] [stdout]    --> src/currency/rate_cache.rs:210:9
[INFO] [stdout]     |
[INFO] [stdout] 210 |     use super::*;
[INFO] [stdout]     |         ^^^^^^^^
[INFO] [stdout]     = help: consider adding an explicit import of `assert_matches` to disambiguate
[INFO] [stdout]     = help: or use `self::assert_matches` to refer to this macro unambiguously
[INFO] [stdout] 
[INFO] [stdout] 
[INFO] [stdout] error[E0659]: `assert_matches` is ambiguous (glob import vs any other name from outer scope during import/macro resolution)
[INFO] [stdout]    --> src/currency/rate_cache.rs:284:13
[INFO] [stdout]     |
[INFO] [stdout] 284 |             assert_matches!(
[INFO] [stdout]     |             ^^^^^^^^^^^^^^ ambiguous name
[INFO] [stdout]     |
[INFO] [stdout]     = note: `assert_matches` could refer to a macro from prelude
[INFO] [stdout] note: `assert_matches` could also refer to the macro imported here
[INFO] [stdout]    --> src/currency/rate_cache.rs:210:9
[INFO] [stdout]     |
[INFO] [stdout] 210 |     use super::*;
[INFO] [stdout]     |         ^^^^^^^^
[INFO] [stdout]     = help: consider adding an explicit import of `assert_matches` to disambiguate
[INFO] [stdout]     = help: or use `self::assert_matches` to refer to this macro unambiguously
[INFO] [stdout] 
[INFO] [stdout] 
[INFO] [stdout] error[E0659]: `assert_matches` is ambiguous (glob import vs any other name from outer scope during import/macro resolution)
[INFO] [stdout]    --> src/currency/rate_cache.rs:293:9
[INFO] [stdout]     |
[INFO] [stdout] 293 |         assert_matches!(
[INFO] [stdout]     |         ^^^^^^^^^^^^^^ ambiguous name
[INFO] [stdout]     |
[INFO] [stdout]     = note: `assert_matches` could refer to a macro from prelude
[INFO] [stdout] note: `assert_matches` could also refer to the macro imported here
[INFO] [stdout]    --> src/currency/rate_cache.rs:210:9
[INFO] [stdout]     |
[INFO] [stdout] 210 |     use super::*;
[INFO] [stdout]     |         ^^^^^^^^
[INFO] [stdout]     = help: consider adding an explicit import of `assert_matches` to disambiguate
[INFO] [stdout]     = help: or use `self::assert_matches` to refer to this macro unambiguously
[INFO] [stdout] 
[INFO] [stdout] 
[INFO] [stdout] error[E0659]: `assert_matches` is ambiguous (glob import vs any other name from outer scope during import/macro resolution)
[INFO] [stdout]    --> src/currency/converter.rs:302:13
[INFO] [stdout]     |
[INFO] [stdout] 302 |             assert_matches!(
[INFO] [stdout]     |             ^^^^^^^^^^^^^^ ambiguous name
[INFO] [stdout]     |
[INFO] [stdout]     = note: `assert_matches` could refer to a macro from prelude
[INFO] [stdout] note: `assert_matches` could also refer to the macro imported here
[INFO] [stdout]    --> src/currency/converter.rs:273:9
[INFO] [stdout]     |
[INFO] [stdout] 273 |     use super::*;
[INFO] [stdout]     |         ^^^^^^^^
[INFO] [stdout]     = help: consider adding an explicit import of `assert_matches` to disambiguate
[INFO] [stdout]     = help: or use `self::assert_matches` to refer to this macro unambiguously
[INFO] [stdout] 
[INFO] [stdout] 
[INFO] [stdout] error[E0659]: `assert_matches` is ambiguous (glob import vs any other name from outer scope during import/macro resolution)
[INFO] [stdout]    --> src/currency/converter.rs:328:13
[INFO] [stdout]     |
[INFO] [stdout] 328 |             assert_matches!(
[INFO] [stdout]     |             ^^^^^^^^^^^^^^ ambiguous name
[INFO] [stdout]     |
[INFO] [stdout]     = note: `assert_matches` could refer to a macro from prelude
[INFO] [stdout] note: `assert_matches` could also refer to the macro imported here
[INFO] [stdout]    --> src/currency/converter.rs:273:9
[INFO] [stdout]     |
[INFO] [stdout] 273 |     use super::*;
[INFO] [stdout]     |         ^^^^^^^^
[INFO] [stdout]     = help: consider adding an explicit import of `assert_matches` to disambiguate
[INFO] [stdout]     = help: or use `self::assert_matches` to refer to this macro unambiguously
[INFO] [stdout] 
[INFO] [stdout] 
[INFO] [stdout] error: linking with `cc` failed: exit status: 1
[INFO] [stdout]   |
[INFO] [stdout]   = note: "cc" "-m64" "-Wl,--eh-frame-hdr" "-Wl,-znoexecstack" "-Wl,--as-needed" "-L" "/opt/rustwide/rustup-home/toolchains/ff34b919075f35a1787659e9c448a34b06bab8de/lib/rustlib/x86_64-unknown-linux-gnu/lib" "/opt/rustwide/target/debug/deps/generate-0233fd65eb4bb603.generate.12hyf1i8-cgu.0.rcgu.o" "/opt/rustwide/target/debug/deps/generate-0233fd65eb4bb603.generate.12hyf1i8-cgu.1.rcgu.o" "/opt/rustwide/target/debug/deps/generate-0233fd65eb4bb603.generate.12hyf1i8-cgu.10.rcgu.o" "/opt/rustwide/target/debug/deps/generate-0233fd65eb4bb603.generate.12hyf1i8-cgu.11.rcgu.o" "/opt/rustwide/target/debug/deps/generate-0233fd65eb4bb603.generate.12hyf1i8-cgu.12.rcgu.o" "/opt/rustwide/target/debug/deps/generate-0233fd65eb4bb603.generate.12hyf1i8-cgu.13.rcgu.o" "/opt/rustwide/target/debug/deps/generate-0233fd65eb4bb603.generate.12hyf1i8-cgu.14.rcgu.o" "/opt/rustwide/target/debug/deps/generate-0233fd65eb4bb603.generate.12hyf1i8-cgu.15.rcgu.o" "/opt/rustwide/target/debug/deps/generate-0233fd65eb4bb603.generate.12hyf1i8-cgu.2.rcgu.o" "/opt/rustwide/target/debug/deps/generate-0233fd65eb4bb603.generate.12hyf1i8-cgu.3.rcgu.o" "/opt/rustwide/target/debug/deps/generate-0233fd65eb4bb603.generate.12hyf1i8-cgu.4.rcgu.o" "/opt/rustwide/target/debug/deps/generate-0233fd65eb4bb603.generate.12hyf1i8-cgu.5.rcgu.o" "/opt/rustwide/target/debug/deps/generate-0233fd65eb4bb603.generate.12hyf1i8-cgu.6.rcgu.o" "/opt/rustwide/target/debug/deps/generate-0233fd65eb4bb603.generate.12hyf1i8-cgu.7.rcgu.o" "/opt/rustwide/target/debug/deps/generate-0233fd65eb4bb603.generate.12hyf1i8-cgu.8.rcgu.o" "/opt/rustwide/target/debug/deps/generate-0233fd65eb4bb603.generate.12hyf1i8-cgu.9.rcgu.o" "-o" "/opt/rustwide/target/debug/deps/generate-0233fd65eb4bb603" "/opt/rustwide/target/debug/deps/generate-0233fd65eb4bb603.jssys3myb8t16ga.rcgu.o" "-Wl,--gc-sections" "-pie" "-Wl,-zrelro" "-Wl,-znow" "-nodefaultlibs" "-L" "/opt/rustwide/target/debug/deps" "-L" "/opt/rustwide/target/debug/build/libsqlite3-sys-a7fb13e9286964f0/out" "-L" "/opt/rustwide/rustup-home/toolchains/ff34b919075f35a1787659e9c448a34b06bab8de/lib/rustlib/x86_64-unknown-linux-gnu/lib" "-Wl,-Bstatic" "/opt/rustwide/rustup-home/toolchains/ff34b919075f35a1787659e9c448a34b06bab8de/lib/rustlib/x86_64-unknown-linux-gnu/lib/libtest-e0d08a82dcb7da7b.rlib" "/opt/rustwide/rustup-home/toolchains/ff34b919075f35a1787659e9c448a34b06bab8de/lib/rustlib/x86_64-unknown-linux-gnu/lib/libterm-24036eb8e889985c.rlib" "/opt/rustwide/rustup-home/toolchains/ff34b919075f35a1787659e9c448a34b06bab8de/lib/rustlib/x86_64-unknown-linux-gnu/lib/libgetopts-759d40b5d9a6a451.rlib" "/opt/rustwide/rustup-home/toolchains/ff34b919075f35a1787659e9c448a34b06bab8de/lib/rustlib/x86_64-unknown-linux-gnu/lib/libunicode_width-7590543c881e6235.rlib" "/opt/rustwide/rustup-home/toolchains/ff34b919075f35a1787659e9c448a34b06bab8de/lib/rustlib/x86_64-unknown-linux-gnu/lib/librustc_std_workspace_std-56b60793e4f96438.rlib" "/opt/rustwide/target/debug/deps/libinvestments-311b9901a2aa424e.rlib" "/opt/rustwide/target/debug/deps/libserde_xml_rs-377d2436ba093c4d.rlib" "/opt/rustwide/target/debug/deps/libxml-d5feb083fd2167f7.rlib" "/opt/rustwide/target/debug/deps/libquick_xml-0699e378dacbc886.rlib" "/opt/rustwide/target/debug/deps/libplatforms-4d283d6bccbe1910.rlib" "/opt/rustwide/target/debug/deps/libshellexpand-afc54d72c4b76292.rlib" "/opt/rustwide/target/debug/deps/libdirs_next-6645efea9deed701.rlib" "/opt/rustwide/target/debug/deps/libdirs_sys_next-e55ec9e2f1da84c7.rlib" "/opt/rustwide/target/debug/deps/libserde_yaml-ca1ccd3906968f3a.rlib" "/opt/rustwide/target/debug/deps/libdtoa-cc4e8e21ed63acfd.rlib" "/opt/rustwide/target/debug/deps/libyaml_rust-83715a409aae9385.rlib" "/opt/rustwide/target/debug/deps/liblinked_hash_map-e530dc5991ca3474.rlib" "/opt/rustwide/target/debug/deps/libcast-b7bdfb63c860cbd1.rlib" "/opt/rustwide/target/debug/deps/libitertools-c612ba38e89b1a76.rlib" "/opt/rustwide/target/debug/deps/libcalamine-e6a44f44f9cb0b5e.rlib" "/opt/rustwide/target/debug/deps/libcodepage-301f016904416a15.rlib" "/opt/rustwide/target/debug/deps/libzip-498afffd746c835f.rlib" "/opt/rustwide/target/debug/deps/libflate2-dfc0647d2104dfa2.rlib" "/opt/rustwide/target/debug/deps/libminiz_oxide-6732bce4a8751e4c.rlib" "/opt/rustwide/target/debug/deps/libadler-ddbe8a2ac4f03e8e.rlib" "/opt/rustwide/target/debug/deps/libcrc32fast-a196580b4d57fd44.rlib" "/opt/rustwide/target/debug/deps/libquick_xml-42be41526b82599d.rlib" "/opt/rustwide/target/debug/deps/libgovernor-5b9223c6242ba960.rlib" "/opt/rustwide/target/debug/deps/libquanta-e0ba62af8f955d36.rlib" "/opt/rustwide/target/debug/deps/libdashmap-073f50e3aaa8a9df.rlib" "/opt/rustwide/target/debug/deps/libfutures-f08f519c2473bf3c.rlib" "/opt/rustwide/target/debug/deps/libfutures_executor-7ef71c92f55b4cf5.rlib" "/opt/rustwide/target/debug/deps/libfutures_timer-fba634163b316334.rlib" "/opt/rustwide/target/debug/deps/libnonzero_ext-44db161ebfd179b7.rlib" "/opt/rustwide/target/debug/deps/librand-4674c2fc38aea526.rlib" "/opt/rustwide/target/debug/deps/librand_chacha-a66f5229568ba877.rlib" "/opt/rustwide/target/debug/deps/libppv_lite86-004417b0d118bdf5.rlib" "/opt/rustwide/target/debug/deps/librand_core-fdb3b49b329a7dfa.rlib" "/opt/rustwide/target/debug/deps/libno_std_compat-347c058dc6b30dc4.rlib" "/opt/rustwide/target/debug/deps/libprettytable-8d85eaee0eb8644b.rlib" "/opt/rustwide/target/debug/deps/libencode_unicode-16c1905ce3c3ec04.rlib" "/opt/rustwide/target/debug/deps/libatty-a3f1cc1dd29c9206.rlib" "/opt/rustwide/target/debug/deps/libterm-d138daeeffc75dbe.rlib" "/opt/rustwide/target/debug/deps/libunicode_width-9ab5865733e9acc9.rlib" "/opt/rustwide/target/debug/deps/libcsv-91a7f5e4220afc8f.rlib" "/opt/rustwide/target/debug/deps/libcsv_core-52c33fb6fa205f2a.rlib" "/opt/rustwide/target/debug/deps/libbstr-08db3750a136614b.rlib" "/opt/rustwide/target/debug/deps/libregex_automata-622a0acdcd0403e8.rlib" "/opt/rustwide/target/debug/deps/libchrono_tz-6fc5b89fd9bc36d0.rlib" "/opt/rustwide/target/debug/deps/libuuid-dfa515573835bb19.rlib" "/opt/rustwide/target/debug/deps/libgetrandom-e5d2eb86e1db51f7.rlib" "/opt/rustwide/target/debug/deps/libreqwest-a8ef752518d40716.rlib" "/opt/rustwide/target/debug/deps/libhyper_tls-4532d7c5223d00ed.rlib" "/opt/rustwide/target/debug/deps/libipnet-babecc78f9808f0e.rlib" "/opt/rustwide/target/debug/deps/libtokio_native_tls-138196448e076b76.rlib" "/opt/rustwide/target/debug/deps/libserde_urlencoded-e109f8b5d79a6261.rlib" "/opt/rustwide/target/debug/deps/libmime-636582022b0e4181.rlib" "/opt/rustwide/target/debug/deps/libencoding_rs-d3761e0f66c1970f.rlib" "/opt/rustwide/target/debug/deps/libserde_json-c516a26b1e35730c.rlib" "/opt/rustwide/target/debug/deps/libryu-8dbd57cf09aa6df6.rlib" "/opt/rustwide/target/debug/deps/libbase64-4defecc13ecad25f.rlib" "/opt/rustwide/target/debug/deps/libnative_tls-34cb3d361abc9c4c.rlib" "/opt/rustwide/target/debug/deps/libopenssl_probe-d283b83881b46967.rlib" "/opt/rustwide/target/debug/deps/libopenssl-6e693d27254aded0.rlib" "/opt/rustwide/target/debug/deps/libonce_cell-ae14c9fb41bfd017.rlib" "/opt/rustwide/target/debug/deps/libforeign_types-a93100efcd71664b.rlib" "/opt/rustwide/target/debug/deps/libforeign_types_shared-57ec5836a2332306.rlib" "/opt/rustwide/target/debug/deps/libopenssl_sys-8c83a658b993ebed.rlib" "/opt/rustwide/target/debug/deps/libhyper-989ed9d10e7293b7.rlib" "/opt/rustwide/target/debug/deps/libwant-04f6e30c526396a9.rlib" "/opt/rustwide/target/debug/deps/libtry_lock-b390503a68b65fc5.rlib" "/opt/rustwide/target/debug/deps/libsocket2-f3cb5d08279fd44f.rlib" "/opt/rustwide/target/debug/deps/libh2-0864e02292308b88.rlib" "/opt/rustwide/target/debug/deps/libindexmap-eb2b5f68a844facd.rlib" "/opt/rustwide/target/debug/deps/libhashbrown-58b681a40238888b.rlib" "/opt/rustwide/target/debug/deps/libtokio_util-6acc48a6dc0e5c6f.rlib" "/opt/rustwide/target/debug/deps/libhttparse-0823b8627411769f.rlib" "/opt/rustwide/target/debug/deps/libtower_service-ddd872d6c5aa094a.rlib" "/opt/rustwide/target/debug/deps/libpin_project-693e5c14f29ecb21.rlib" "/opt/rustwide/target/debug/deps/libtracing-f61ae3684b5a22e9.rlib" "/opt/rustwide/target/debug/deps/libtracing_core-8046ea6c8d06ef89.rlib" "/opt/rustwide/target/debug/deps/libtokio-c4d209af1b66962e.rlib" "/opt/rustwide/target/debug/deps/libmio-c8c32f62b916591f.rlib" "/opt/rustwide/target/debug/deps/libhttp_body-84eb7106235d48a5.rlib" "/opt/rustwide/target/debug/deps/libfutures_util-659f6e984b36871e.rlib" "/opt/rustwide/target/debug/deps/libfutures_io-66cfa7982c540e92.rlib" "/opt/rustwide/target/debug/deps/libslab-396e4fea689eef7d.rlib" "/opt/rustwide/target/debug/deps/libfutures_channel-26319cd83e0accf6.rlib" "/opt/rustwide/target/debug/deps/libpin_project_lite-a66b1977078d6182.rlib" "/opt/rustwide/target/debug/deps/libfutures_sink-8ddb294abd2b7b20.rlib" "/opt/rustwide/target/debug/deps/libfutures_task-19d98a3fb918e97c.rlib" "/opt/rustwide/target/debug/deps/libpin_utils-b10c0dd2b387f299.rlib" "/opt/rustwide/target/debug/deps/libfutures_core-3b1d27e2f970f3e8.rlib" "/opt/rustwide/target/debug/deps/liburl-2a9acbc52794dcd3.rlib" "/opt/rustwide/target/debug/deps/libidna-9739f2cf09442926.rlib" "/opt/rustwide/target/debug/deps/libunicode_normalization-a6c0716a8214f36e.rlib" "/opt/rustwide/target/debug/deps/libtinyvec-3ea7624e027cd19d.rlib" "/opt/rustwide/target/debug/deps/libtinyvec_macros-79e05a5247fc8fe1.rlib" "/opt/rustwide/target/debug/deps/libunicode_bidi-4760f969381f3a69.rlib" "/opt/rustwide/target/debug/deps/libform_urlencoded-4936dc47b2188a4a.rlib" "/opt/rustwide/target/debug/deps/libpercent_encoding-0d8ae709ba835adc.rlib" "/opt/rustwide/target/debug/deps/libmatches-e50d8b3702610141.rlib" "/opt/rustwide/target/debug/deps/libhttp-b950536af910ffdd.rlib" "/opt/rustwide/target/debug/deps/libitoa-8e758d1d5247eab4.rlib" "/opt/rustwide/target/debug/deps/libbytes-a60e40d0e9b2600c.rlib" "/opt/rustwide/target/debug/deps/libregex-98bed7b4d70d0380.rlib" "/opt/rustwide/target/debug/deps/libaho_corasick-95e05f880ff50868.rlib" "/opt/rustwide/target/debug/deps/libregex_syntax-7f67f9c47fcbf828.rlib" "/opt/rustwide/target/debug/deps/libansi_term-726402e6ea5d1b12.rlib" "/opt/rustwide/target/debug/deps/libprometheus-985293e5b03e046d.rlib" "/opt/rustwide/target/debug/deps/libmemchr-ed39d34d53eebdc4.rlib" "/opt/rustwide/target/debug/deps/libthiserror-8f955267e17ea386.rlib" "/opt/rustwide/target/debug/deps/libprotobuf-613fc2ff89caaec0.rlib" "/opt/rustwide/target/debug/deps/libparking_lot-2546a131adda6b2e.rlib" "/opt/rustwide/target/debug/deps/libparking_lot_core-f070fd833865760e.rlib" "/opt/rustwide/target/debug/deps/libsmallvec-9772763eab2c8bd0.rlib" "/opt/rustwide/target/debug/deps/liblock_api-5b51a54995eccd76.rlib" "/opt/rustwide/target/debug/deps/libinstant-200c7aeea5a047b0.rlib" "/opt/rustwide/target/debug/deps/librust_decimal-2e00e5fd7b8d5988.rlib" "/opt/rustwide/target/debug/deps/libserde-c1d354e42b848fc4.rlib" "/opt/rustwide/target/debug/deps/libarrayvec-0f75ce67587c3486.rlib" "/opt/rustwide/target/debug/deps/libseparator-157761411ab27c27.rlib" "/opt/rustwide/target/debug/deps/libmaplit-8dc8db0e74170826.rlib" "/opt/rustwide/target/debug/deps/libdiesel_migrations-5109dfd719dc5af9.rlib" "/opt/rustwide/target/debug/deps/libmigrations_internals-50e6f381b1e8a75d.rlib" "/opt/rustwide/target/debug/deps/libdiesel-ba47d34890444c1b.rlib" "/opt/rustwide/target/debug/deps/libchrono-1a495aee9470b1ee.rlib" "/opt/rustwide/target/debug/deps/libtime-bf5f26c5454aa3b6.rlib" "/opt/rustwide/target/debug/deps/liblibsqlite3_sys-c1046e954f98aaac.rlib" "/opt/rustwide/target/debug/deps/libretest-3c16eb2d52d83a36.rlib" "/opt/rustwide/target/debug/deps/libdirs-be2af728196c3c50.rlib" "/opt/rustwide/target/debug/deps/libnum-ce0f3aae8927a45e.rlib" "/opt/rustwide/target/debug/deps/libnum_complex-602b268bd489dda4.rlib" "/opt/rustwide/target/debug/deps/liblog-f4c1b99ec30a034a.rlib" "/opt/rustwide/target/debug/deps/libapprox-7038bed2342edfee.rlib" "/opt/rustwide/target/debug/deps/libfnv-03632dd09ca25027.rlib" "/opt/rustwide/target/debug/deps/libjson-2694d6e4f523154d.rlib" "/opt/rustwide/target/debug/deps/libimage-c825d593a7570146.rlib" "/opt/rustwide/target/debug/deps/libtiff-03bc055a0354cb73.rlib" "/opt/rustwide/target/debug/deps/libpng-f0a8448cad639188.rlib" "/opt/rustwide/target/debug/deps/libdeflate-82f266ede8001371.rlib" "/opt/rustwide/target/debug/deps/libinflate-104788dae71ea041.rlib" "/opt/rustwide/target/debug/deps/libadler32-4f658ed19281c650.rlib" "/opt/rustwide/target/debug/deps/libbitflags-7f78c1de5599d643.rlib" "/opt/rustwide/target/debug/deps/libjpeg_decoder-ee4e1872997eabe7.rlib" "/opt/rustwide/target/debug/deps/librayon-96a07e069ed7647c.rlib" "/opt/rustwide/target/debug/deps/librayon_core-eb98fe56188608b5.rlib" "/opt/rustwide/target/debug/deps/libnum_cpus-d3828a98d0fa08d8.rlib" "/opt/rustwide/target/debug/deps/liblibc-2b1a4342607e1f59.rlib" "/opt/rustwide/target/debug/deps/libcrossbeam_deque-d0b47d9242eb3f29.rlib" "/opt/rustwide/target/debug/deps/libcrossbeam_epoch-af25bb37197556e6.rlib" "/opt/rustwide/target/debug/deps/libmemoffset-7080631a9de52ea4.rlib" "/opt/rustwide/target/debug/deps/libscopeguard-e88ee3fdd4df8593.rlib" "/opt/rustwide/target/debug/deps/libcrossbeam_channel-7f9f6bab47345e13.rlib" "/opt/rustwide/target/debug/deps/libcrossbeam_utils-200d64a478bcd95f.rlib" "/opt/rustwide/target/debug/deps/liblazy_static-ff2d4c059a61c830.rlib" "/opt/rustwide/target/debug/deps/libcfg_if-755744d3ca57570c.rlib" "/opt/rustwide/target/debug/deps/libeither-8780cecc3b77331d.rlib" "/opt/rustwide/target/debug/deps/libgif-0acce7810e2e7d58.rlib" "/opt/rustwide/target/debug/deps/libcolor_quant-2138bb7dcea0ce25.rlib" "/opt/rustwide/target/debug/deps/libscoped_threadpool-828b0d4cf8a2c77a.rlib" "/opt/rustwide/target/debug/deps/libnum_rational-cea9b2023548d8b0.rlib" "/opt/rustwide/target/debug/deps/libnum_bigint-1bd8accbac954cb3.rlib" "/opt/rustwide/target/debug/deps/libnum_iter-b94566c53095d46a.rlib" "/opt/rustwide/target/debug/deps/libnum_integer-307fcd972845aed0.rlib" "/opt/rustwide/target/debug/deps/libnum_traits-2a4f13f859376b69.rlib" "/opt/rustwide/target/debug/deps/liblzw-c1eedea7c77109bb.rlib" "/opt/rustwide/target/debug/deps/libbyteorder-a08bfedee3afd0a5.rlib" "-Wl,--start-group" "/opt/rustwide/rustup-home/toolchains/ff34b919075f35a1787659e9c448a34b06bab8de/lib/rustlib/x86_64-unknown-linux-gnu/lib/libstd-c6dddd3d354e6bea.rlib" "/opt/rustwide/rustup-home/toolchains/ff34b919075f35a1787659e9c448a34b06bab8de/lib/rustlib/x86_64-unknown-linux-gnu/lib/libpanic_unwind-c2ca47afdcc5e309.rlib" "/opt/rustwide/rustup-home/toolchains/ff34b919075f35a1787659e9c448a34b06bab8de/lib/rustlib/x86_64-unknown-linux-gnu/lib/libminiz_oxide-b47be2942017e108.rlib" "/opt/rustwide/rustup-home/toolchains/ff34b919075f35a1787659e9c448a34b06bab8de/lib/rustlib/x86_64-unknown-linux-gnu/lib/libadler-20a1e49116ab0df9.rlib" "/opt/rustwide/rustup-home/toolchains/ff34b919075f35a1787659e9c448a34b06bab8de/lib/rustlib/x86_64-unknown-linux-gnu/lib/libobject-25e09d9868291683.rlib" "/opt/rustwide/rustup-home/toolchains/ff34b919075f35a1787659e9c448a34b06bab8de/lib/rustlib/x86_64-unknown-linux-gnu/lib/libaddr2line-9c99fb6e5ca5159e.rlib" "/opt/rustwide/rustup-home/toolchains/ff34b919075f35a1787659e9c448a34b06bab8de/lib/rustlib/x86_64-unknown-linux-gnu/lib/libgimli-85040d7563599960.rlib" "/opt/rustwide/rustup-home/toolchains/ff34b919075f35a1787659e9c448a34b06bab8de/lib/rustlib/x86_64-unknown-linux-gnu/lib/libstd_detect-0e4f7587da8acf20.rlib" "/opt/rustwide/rustup-home/toolchains/ff34b919075f35a1787659e9c448a34b06bab8de/lib/rustlib/x86_64-unknown-linux-gnu/lib/librustc_demangle-7be0a6711ed15b5c.rlib" "/opt/rustwide/rustup-home/toolchains/ff34b919075f35a1787659e9c448a34b06bab8de/lib/rustlib/x86_64-unknown-linux-gnu/lib/libhashbrown-00672fabc4ff9c9d.rlib" "/opt/rustwide/rustup-home/toolchains/ff34b919075f35a1787659e9c448a34b06bab8de/lib/rustlib/x86_64-unknown-linux-gnu/lib/librustc_std_workspace_alloc-72fe231ef0473d15.rlib" "/opt/rustwide/rustup-home/toolchains/ff34b919075f35a1787659e9c448a34b06bab8de/lib/rustlib/x86_64-unknown-linux-gnu/lib/libunwind-019d54ecc304b655.rlib" "/opt/rustwide/rustup-home/toolchains/ff34b919075f35a1787659e9c448a34b06bab8de/lib/rustlib/x86_64-unknown-linux-gnu/lib/libcfg_if-cc7d9343e4f608be.rlib" "/opt/rustwide/rustup-home/toolchains/ff34b919075f35a1787659e9c448a34b06bab8de/lib/rustlib/x86_64-unknown-linux-gnu/lib/liblibc-e41c6d24baeb2249.rlib" "/opt/rustwide/rustup-home/toolchains/ff34b919075f35a1787659e9c448a34b06bab8de/lib/rustlib/x86_64-unknown-linux-gnu/lib/liballoc-9849bb0fbad7f0f5.rlib" "/opt/rustwide/rustup-home/toolchains/ff34b919075f35a1787659e9c448a34b06bab8de/lib/rustlib/x86_64-unknown-linux-gnu/lib/librustc_std_workspace_core-a1fd7734706d5518.rlib" "/opt/rustwide/rustup-home/toolchains/ff34b919075f35a1787659e9c448a34b06bab8de/lib/rustlib/x86_64-unknown-linux-gnu/lib/libcore-c8ded1707ad10767.rlib" "-Wl,--end-group" "/opt/rustwide/rustup-home/toolchains/ff34b919075f35a1787659e9c448a34b06bab8de/lib/rustlib/x86_64-unknown-linux-gnu/lib/libcompiler_builtins-8b33f9cbbc9652fe.rlib" "-Wl,-Bdynamic" "-lssl" "-lcrypto" "-lgcc_s" "-lutil" "-lrt" "-lpthread" "-lm" "-ldl" "-lc"
[INFO] [stdout]   = note: collect2: fatal error: ld terminated with signal 9 [Killed]
[INFO] [stdout]           compilation terminated.
[INFO] [stdout]           
[INFO] [stdout] 
[INFO] [stdout] 
[INFO] [stdout] error: aborting due to previous error
[INFO] [stdout] 
[INFO] [stdout] 
[INFO] [stderr] error: could not compile `investments`
[INFO] [stderr] 
[INFO] [stderr] To learn more, run the command again with --verbose.
[INFO] [stderr] warning: build failed, waiting for other jobs to finish...
[INFO] [stdout] error: aborting due to 10 previous errors
[INFO] [stdout] 
[INFO] [stdout] 
[INFO] [stdout] For more information about this error, try `rustc --explain E0659`.
[INFO] [stdout] 
[INFO] [stderr] error: build failed
[INFO] running `Command { std: "docker" "inspect" "9e8fbe2b435f62809313511edfeb8bf30c1ee31381ae42331d217eb85d3ba969", kill_on_drop: false }`
[INFO] running `Command { std: "docker" "rm" "-f" "9e8fbe2b435f62809313511edfeb8bf30c1ee31381ae42331d217eb85d3ba969", kill_on_drop: false }`
[INFO] [stdout] 9e8fbe2b435f62809313511edfeb8bf30c1ee31381ae42331d217eb85d3ba969
